 = x - 450. Suppose 5*v = 3*f - r, -3*v = -5*f - 2*v + 407. What are the prime factors of f?
3
Let f(r) = -r**3 - 11*r**2 - 16*r + 6. Let d be f(-7). Let n = d + 629. List the prime factors of n.
19, 29
List the prime factors of ((-110)/(-165))/(7582/22742 + 13/(-39)).
83, 137
Let t = 4966 + -2486. What are the prime factors of t?
2, 5, 31
Let j be (123/6)/((-1)/(-2)). Let y = j - 40. What are the prime factors of y/(-3)*48/(-8)?
2
Let m be (-1156)/(-187) - 4/22. What are the prime factors of m + -11 + 468 + -2?
461
Suppose -1275128 = -48*z + 340936. List the prime factors of z.
2, 19, 443
Let d = 35 + 41. Let q = -66 + d. Suppose -r + 1727 = q*r. List the prime factors of r.
157
Let g be ((-4)/6)/(2/(-15)). Let a be 15/g + 1*-169. Let u = 339 + a. List the prime factors of u.
173
Suppose 4*i - 3*c - 1 - 13 = 0, -2*i + 2*c = -8. Suppose 0 = -n - 3*b - i*b + 28, -2*n + 12 = -b. Suppose 3*h - n*h + 1275 = 0. List the prime factors of h.
3, 5, 17
Let p(f) = -f**3 - 11*f**2 + 187*f - 81. What are the prime factors of p(-36)?
3, 2843
Let l = 25103 + -5847. Suppose -l + 47183 = 29*n. What are the prime factors of n?
3, 107
Let c(f) = -2*f**2 - 26*f - 36. Let h be c(-11). What are the prime factors of -703*68/(-32) + 1/h?
2, 3, 83
Let w = -2980 + 3138. Let k be 1 + (4/(-2))/2. Suppose w = 4*j - 2*s, -5*s - 149 = -k*j - 4*j. List the prime factors of j.
41
Let s(m) = -m**3 + 6*m**2 + 6*m + 9. Let y be s(7). Let o(h) = 9 - 4 - 2*h**2 + 19*h + 9 + 3*h**y. What are the prime factors of o(-22)?
2, 5
Let a be 1*(-14)/(-2) + -4. Let z(o) = o**2 - 4*o + 7. Let p be z(a). Suppose 312 = p*t + 5*h, -2*t + 90 = 4*h - 66. List the prime factors of t.
2, 3, 13
Let q = -30958 + 51387. List the prime factors of q.
31, 659
Suppose 20 = 2*l - 5*a, 0*l = 2*l - 4*a - 18. Suppose l = 5*f - 20. Suppose f*g + 2*t = 420, t - 5*t + 266 = 3*g. List the prime factors of g.
2, 41
Suppose 34 - 6 = 4*y. Suppose y*g = 4*g. Suppose -4*t + 0*t + 608 = g. List the prime factors of t.
2, 19
Suppose 0 = -x + 2*p + 968, x + 11*p - 956 = 16*p. List the prime factors of x.
2, 61
Let q(m) be the first derivative of -9*m**2/2 + 54*m + 56. What are the prime factors of q(-17)?
3, 23
Let g = -285 + 975. Let p = 3 - -3. Suppose -4*m + 2*s = -g, p*m = 8*m + 3*s - 365. What are the prime factors of m?
5, 7
Suppose 0 = -2*s - 59 + 43. List the prime factors of ((-4)/s)/((-3)/(-1638)).
3, 7, 13
Suppose -5*x + 1 - 26 = 0, -5*p + 4*x + 215 = 0. Suppose p = -2*l + 801. What are the prime factors of l?
3, 127
Suppose -42*s + 222680 = 59*s - 60625. What are the prime factors of s?
3, 5, 11, 17
Let x = -12406 - -19277. List the prime factors of x.
6871
Let u be -5 + 976 + (-5 - -1). Let z = u - 571. List the prime factors of z.
2, 3, 11
Let w = -132 + 126. Let d(t) = t + 9. Let j be d(w). Suppose 3*q - q - j*p = 246, -2*q = 2*p - 246. List the prime factors of q.
3, 41
Suppose 5*b + t - 44 = -12, 4*b = -4*t + 16. Suppose -b*g = -9385 - 10117. List the prime factors of g/18 - 12/(-54).
5, 31
Let x(h) = -h**2 + 380*h - 1307. List the prime factors of x(115).
2, 1823
Let d be 8/5*55/22. Suppose 5*o - 313 = -l, -3*l - d*o + o + 879 = 0. What are the prime factors of l?
2, 3
Suppose -30 = 1132*u - 1138*u. Suppose 2*w = -3*w - 5*q + 8470, -8505 = -u*w + 2*q. List the prime factors of w.
1699
Suppose 140*j - 134*j = 336. Suppose -5*t - 33150 = -j*t. List the prime factors of t.
2, 5, 13
Let x(g) = -10*g + 84. Let f(w) = 4*w - 1. Let z(r) = -10*f(r) + x(r). What are the prime factors of z(-9)?
2, 17
Let l be (-1140)/18*24/20. Let h = l + 73. List the prime factors of h/(-15) + 636/20.
2
Let g be -9 - (-7)/(28/8). Let f(l) = 4*l**3 + 7*l**2 + 3*l + 7. Let u(s) = -s**3 + s + 1. Let k(i) = -f(i) - 3*u(i). What are the prime factors of k(g)?
2
Let t = -1034 + 5414. What are the prime factors of t?
2, 3, 5, 73
Let f = 37 + -34. Suppose -19 + 4 = -f*r. Suppose -2*z = -0*p - r*p - 67, 3*z - 96 = 3*p. List the prime factors of z.
31
List the prime factors of (6 - (-1 - -7))/(5 - 4) - -10952.
2, 37
Let k be (-127)/9 - (-19)/171. Let v(y) = y**2 - y - 31. List the prime factors of v(k).
179
Let i be ((-9)/(-12))/(15/20)*42. Let f be (-2 - (-2 - 0)) + 3. List the prime factors of (3 - 0) + i*f.
3, 43
Let k(c) = -2*c + 14. Let b be k(7). Suppose b = z + 65 + 33. What are the prime factors of ((-7336)/z)/((-2)/(-7))?
2, 131
What are the prime factors of (-16076500)/296*(4 - 72/15)?
2, 5, 11, 79
Let w = -55 + 53. List the prime factors of 812 + -1*(w - -4).
2, 3, 5
Let c = -6702 - -15465. What are the prime factors of c?
3, 23, 127
Suppose -126660 = -4*x - 4*m, -3*x + 218*m = 217*m - 95027. What are the prime factors of x?
19, 1667
Suppose -1326 = -13*g + 2418. Suppose -36*b = -27*b - g. What are the prime factors of b?
2
Let w(l) = -5*l - 31. Let c be w(-9). Let r(q) = 35*q - 194. List the prime factors of r(c).
2, 37
Suppose g + 3 = 2*q, -5*q + 15 = 3*g - 9. Suppose -2*t + 4*z = -14, -2*t + z + 8 = -z. Suppose 0 = -i - x + 2 + t, i = q*x + 7. What are the prime factors of i?
2
Suppose -2*t + 87 = -33. Let h(a) = 10*a + 156. Let m be h(-16). Let w = t - m. List the prime factors of w.
2
Let n(p) = 22*p**3 + 32*p**2 + 27*p + 5. What are the prime factors of n(8)?
3, 13, 347
Suppose -2*l - 6 = 0, -l = -2*b - 2*l + 5. Let x be 81/4 - 1/b. Suppose x + 85 = z. List the prime factors of z.
3, 5, 7
Let l(q) = 10*q**3 - 4*q + 2*q + 54*q**2 + 4 - 51*q**2. What are the prime factors of l(3)?
5, 59
Suppose -9*n + 6*n + 6252 = -3*l, -5*n + 6*l = -10424. List the prime factors of n.
2, 5, 13
Let a = -92 + 95. Suppose a*j + 399 = 2*q, -12*q - 2*j + 605 = -9*q. List the prime factors of q.
3, 67
Let j(g) = 45 + 8*g**2 - 3*g**2 - 30 - 11*g. What are the prime factors of j(-6)?
3, 29
Suppose -3*t - 6093 = -2*o + 4060, 25425 = 5*o + t. List the prime factors of o.
2, 31, 41
Let w(z) = z**3 - 25*z**2 - 7*z - 61. Let c = -153 + 179. List the prime factors of w(c).
433
Suppose -180448 = 182*u - 610696. List the prime factors of u.
2, 3, 197
Suppose 0 = -35*o + 564 + 19841. Let m = -35 + o. List the prime factors of m.
2, 137
Suppose -88*n = -98562 - 13902. What are the prime factors of n?
2, 3, 71
Let j(t) = -2*t**3 + t**2. Let a be j(-2). Suppose 4*k + a = 0, -k = 3*g - 3*k - 2149. List the prime factors of g.
23, 31
Suppose -5*p + 7*p - 1086 = 0. List the prime factors of p.
3, 181
Let z(u) = -2*u**2 + 8*u + 4. Suppose 5*j - k - 15 = 0, -5*j + 23 = 4*k - 17. Let w be z(j). Suppose -1158 = -10*o + w*o. What are the prime factors of o?
193
Let m = 23 - 21. Suppose 4*t - 4*g + m*g - 38 = 0, 4*t + 3*g - 63 = 0. Let c(w) = 8*w - 25. What are the prime factors of c(t)?
71
Let r(k) = 11204*k**3 + 3*k**2 - 6*k + 6. What are the prime factors of r(1)?
7, 1601
Let h be 2 + 2 + (-2)/1. Suppose -4*u + h*k = 602, 2*k + 251 = -4*u - 363. Let i = u + 299. What are the prime factors of i?
3, 7
Let d be (-8)/(-10) + 1/5. Suppose -t - 4 = -d. List the prime factors of t/(27/21)*-48.
2, 7
Suppose -13*t + 122911 = -40421. List the prime factors of t.
2, 3, 349
Let m(b) = -6*b**3 - 28*b**2 - 42*b + 270. What are the prime factors of m(-24)?
2, 3, 13, 97
List the prime factors of 17*3593/8 + (-173)/1384.
3, 5, 509
Suppose -w + 0*w + 3*s = -34, -4*s = 8. Suppose w*l = 27*l. Suppose 3*f = 3*b + 14 + 139, -4*f - 2*b + 216 = l. What are the prime factors of f?
53
Let r(p) = 164*p + 5 - p + 8. Let d(m) = -82*m - 7. Let w(s) = -5*d(s) - 3*r(s). What are the prime factors of w(-1)?
3, 5
Let o(c) = 4*c**2 - 18*c - 10. Let s be o(5). Suppose 5*v - 4685 = -5*k, 12*k - 13*k + 4*v + 917 = s. What are the prime factors of k?
3, 311
Let r be 3/(385/825 - 4/30). Let f = 4 + 1. Suppose -r*z = f*z - 2604. What are the prime factors of z?
2, 3, 31
Let b(v) = 8*v**2 - 2*v - 10. Let r(s) = -9*s**2 + s + 11. Let f(w) = 5*b(w) + 4*r(w). List the prime factors of f(11).
2, 103
Suppose -36*h + 32*h = -64. Let u be (0 + (-57)/4)/((-4)/h). Suppose l - u + 8 = 0. List the prime factors of l.
7
Let d = 50475 + -27796. What are the prime factors of d?
22679
Suppose -24 = -2*w - 0*w - 2*s, 3*w - 48 = s. Suppose -r = -4*r + w, -5*k = -2*r - 1345. List the prime factors of k.
271
Let b = 84 - 80. Suppose x - 5*n = 46 + 99, -x - b*n + 190 = 0. What are the prime factors of x?
2, 5, 17
Let a(